 the greatest common factor of 54 and 135.
27
Calculate the highest common factor of 258 and 430.
86
Calculate the highest common divisor of 30 and 90.
30
Calculate the highest common divisor of 468 and 60.
12
What is the greatest common factor of 92 and 322?
46
What is the greatest common divisor of 1260 and 700?
140
Calculate the greatest common divisor of 42 and 434.
14
Calculate the highest common factor of 150 and 480.
30
Calculate the greatest common factor of 15 and 870.
15
What is the greatest common divisor of 1692 and 144?
36
What is the highest common divisor of 15 and 905?
5
What is the greatest common factor of 87 and 24?
3
What is the highest common factor of 132 and 14828?
44
Calculate the highest common divisor of 840 and 1320.
120
Calculate the highest common divisor of 2 and 386.
2
Calculate the greatest common factor of 200 and 320.
40
What is the highest common divisor of 667 and 232?
29
Calculate the greatest common divisor of 17593 and 723.
241
Calculate the greatest common divisor of 848 and 8321.
53
Calculate the greatest common divisor of 1348 and 4.
4
What is the greatest common divisor of 910 and 70?
70
What is the highest common factor of 43 and 1333?
43
Calculate the highest common factor of 27 and 216.
27
Calculate the greatest common factor of 36 and 288.
36
Calculate the greatest common divisor of 656 and 123.
41
Calculate the greatest common factor of 247 and 676.
13
What is the highest common divisor of 8743 and 14?
7
What is the greatest common divisor of 67 and 1?
1
Calculate the highest common divisor of 50 and 218.
2
What is the greatest common divisor of 224 and 608?
32
Calculate the greatest common divisor of 49 and 9016.
49
What is the highest common divisor of 8724 and 6?
6
Calculate the greatest common factor of 8 and 40.
8
Calculate the highest common divisor of 24 and 1455.
3
What is the greatest common divisor of 391 and 46?
23
Calculate the highest common divisor of 7059 and 39.
39
What is the highest common divisor of 3572 and 564?
188
Calculate the highest common divisor of 567 and 126.
63
Calculate the greatest common factor of 936 and 741.
39
Calculate the highest common factor of 83 and 5063.
83
Calculate the highest common factor of 96 and 664.
8
What is the highest common factor of 7 and 77?
7
Calculate the highest common divisor of 61 and 3.
1
Calculate the highest common divisor of 209 and 171.
19
Calculate the highest common divisor of 210 and 300.
30
What is the greatest common divisor of 189 and 147?
21
What is the greatest common factor of 27 and 29619?
27
Calculate the greatest common divisor of 2898 and 756.
126
What is the greatest common factor of 72 and 16?
8
Calculate the highest common factor of 38 and 114.
38
What is the highest common factor of 5205 and 15?
15
What is the highest common factor of 414 and 12213?
207
What is the greatest common factor of 49 and 1225?
49
What is the highest common factor of 483 and 207?
69
What is the highest common divisor of 20246 and 318?
106
What is the highest common factor of 14 and 707?
7
Calculate the highest common factor of 1560 and 384.
24
What is the highest common divisor of 231 and 44?
11
Calculate the highest common divisor of 1460 and 13505.
365
Calculate the greatest common divisor of 60 and 23860.
20
What is the greatest common divisor of 344 and 602?
86
What is the greatest common divisor of 60 and 1392?
12
What is the greatest common factor of 12961 and 13?
13
Calculate the greatest common factor of 10 and 355.
5
Calculate the greatest common divisor of 1127 and 637.
49
What is the highest common factor of 4613 and 7?
7
What is the highest common factor of 352 and 308?
44
Calculate the greatest common divisor of 4245 and 165.
15
What is the greatest common divisor of 403 and 13?
13
What is the highest common divisor of 2256 and 4324?
188
What is the greatest common factor of 1729 and 133?
133
Calculate the highest common divisor of 75 and 180.
15
What is the highest common factor of 162 and 54?
54
What is the greatest common divisor of 667 and 58?
29
What is the highest common divisor of 10 and 7?
1
Calculate the greatest common factor of 278 and 556.
278
Calculate the highest common factor of 225 and 13095.
45
What is the greatest common divisor of 16 and 1376?
16
What is the highest common factor of 42 and 28?
14
What is the highest common divisor of 224 and 352?
32
What is the greatest common factor of 240 and 100?
20
Calculate the highest common divisor of 30 and 1095.
15
Calculate the highest common factor of 153 and 204.
51
What is the greatest common factor of 270 and 54?
54
Calculate the greatest common factor of 312 and 48.
24
Calculate the greatest common divisor of 2009 and 369.
41
What is the greatest common divisor of 290 and 30?
10
Calculate the highest common factor of 20 and 580.
20
What is the highest common factor of 66 and 24519?
33
Calculate the greatest common factor of 1311 and 69.
69
Calculate the greatest common divisor of 33 and 121.
11
Calculate the greatest common divisor of 14008 and 51.
17
What is the highest common factor of 3120 and 39?
39
Calculate the highest common factor of 66 and 88.
22
What is the highest common divisor of 864 and 12?
12
What is the highest common factor of 16877 and 7?
7
What is the highest common factor of 252 and 5628?
84
What is the highest common divisor of 54 and 23895?
27
Calculate the greatest common divisor of 11792 and 67.
67
Calculate the greatest common divisor of 145 and 1421.
29
Calculate the greatest common factor of 456 and 246.
6
What is the highest common divisor of 648 and 81?
81
Calculate the highest common divisor of 10 and 30.
10
What is the greatest common factor of 38 and 12?
2
Calculate the highest common factor of 75 and 30.
15
What is the highest common divisor of 68 and 153?
17
What is the greatest common factor of 4 and 26?
2
What is the greatest common factor of 160 and 240?
80
Calculate the highest common divisor of 855 and 45.
45
What is the highest common factor of 72 and 522?
18
What is the greatest common divisor of 651 and 3844?
31
What is the highest common factor of 1210 and 1420?
10
What is the highest common factor of 143 and 22?
11
Calculate the highest common factor of 6 and 11520.
6
Calculate the highest common factor of 2365 and 55.
55
Calculate the highest common factor of 78 and 3354.
78
Calculate the highest common divisor of 810 and 972.
162
Calculate the highest common factor of 798 and 684.
114
Calculate the highest common divisor of 4 and 1028.
4
What is the greatest common divisor of 1357 and 529?
23
Calculate the highest common factor of 2 and 8.
2
What is the greatest common divisor of 308 and 3024?
28
What is the highest common factor of 126 and 144?
18
What is the highest common factor of 600 and 24?
24
What is the greatest common divisor of 90 and 26370?
90
What is the greatest common factor of 6 and 1977?
3
Calculate the greatest common factor of 84 and 48.
12
Calculate the highest common factor of 280 and 8456.
56
What is the highest common divisor of 28 and 1694?
14
Calculate the highest common factor of 100 and 164.
4
Calculate the greatest common factor of 153 and 119.
17
Calculate the greatest common divisor of 736 and 96.
32
Calculate the greatest common divisor of 28 and 679.
7
What is the greatest common factor of 100 and 25?
25
Calculate the greatest common divisor of 2 and 62.
2
Calculate the highest common factor of 1012 and 154.
22
What is the greatest common divisor of 39 and 39?
39
What is the greatest common factor of 11609 and 247?
247
Calculate the greatest common factor of 120 and 72.
24
What is the highest common divisor of 270 and 190?
10
What is the highest common factor of 55 and 35387?
11
What is the highest common factor of 48 and 888?
24
What is the highest common factor of 75 and 15?
15
Calculate the highest common factor of 360 and 624.
24
What is the highest common divisor of 221 and 52?
13
Calculate the highest common divisor of 299 and 39.
13
What is the highest common divisor of 16 and 584?
8
What is the greatest common factor of 172 and 129?
43
Calculate the highest common factor of 62 and 8618.
62
Calculate the greatest common divisor of 820 and 1148.
164
What is the greatest co